nd 3.
3
Suppose -4*u = -1 - 3. Suppose 6*d + 0 = 18. Calculate the greatest common divisor of u and d.
1
Let x(l) = l**2 - 8*l + 3. Let m(o) = -o**2 + 7*o - 4. Let r be m(3). Let u be x(r). Suppose 4 - 10 = -u*q. Calculate the greatest common divisor of 8 and q.
2
Let s = 8 + -8. Suppose s = -2*l - 2*l + 16. Suppose 3*v = 70 - l. Calculate the highest common factor of v and 11.
11
Let d(g) = g**3 + 4*g**2 - 14*g - 15. Let q be d(-6). Let k be (1/q)/(8/(-528)). Calculate the highest common factor of k and 33.
11
Let o = -154 + 385. Calculate the greatest common divisor of 42 and o.
21
Suppose 4554 = 20*j - 1166. What is the greatest common divisor of 52 and j?
26
Suppose -51*d = -59*d + 336. What is the greatest common divisor of d and 51?
3
Suppose 14 = -26*o + 28*o. Let q(i) = -i**3 + 4*i**2 + 6*i - 3. Let g be q(5). Suppose -2*d + 0*d = -g. Calculate the greatest common factor of o and d.
1
Let t = -4 - -34. Suppose -d + t = 22. Calculate the greatest common factor of 72 and d.
8
Let k = -61 - -101. Suppose -155 = -8*j + 5. What is the highest common divisor of k and j?
20
Suppose -3*f - c - 147 = -579, 3*c - 9 = 0. Let x = 1112 + -1099. Calculate the greatest common factor of x and f.
13
Suppose 27*z - 28*z + 405 = 5*a, 0 = 5*a + 5*z - 405. What is the greatest common divisor of 135 and a?
27
Let n be 1 + -302*((-21)/6 + 3). Calculate the highest common divisor of n and 133.
19
Suppose -55 = 5*b - 10. Let w = b + 27. Suppose -s + 66 = 5*o + 2*s, 3*o = s + 34. Calculate the greatest common factor of o and w.
6
Let q = 475 + -403. What is the highest common factor of q and 156?
12
Let a be ((-6)/(-2))/(30/460). What is the highest common factor of a and 230?
46
Let u(s) = s**3 + s**2 - 2*s - 3. Let f be u(0). Let y be 61/3 + (-2)/f. What is the greatest common divisor of y and 210?
21
Let o be 2*(2 - 0) - (-4 + 8). Suppose o = -15*f + 17*f - 6. What is the highest common factor of 3 and f?
3
Suppose 16 = -0*y + 2*y. Suppose -y*a = -a - 35. Calculate the highest common factor of a and 5.
5
Suppose 0 = -17*q + 19 + 15. What is the highest common divisor of q and 37?
1
Suppose 0 = -25*y + 34*y - 162. Calculate the greatest common divisor of 666 and y.
18
Suppose -34*k + 2793 = 15*k. What is the greatest common factor of 209 and k?
19
Let v be (4/(-5))/((-1)/55). Let h(j) = 348*j - 586. Let t be h(2). What is the highest common divisor of v and t?
22
Suppose -2162*b - 7 = -2169*b. Calculate the highest common factor of 163 and b.
1
Suppose 0 = -2*f + 5*f + 5*x - 14, 2*f - 12 = -2*x. Let t = 81 - 17. What is the highest common divisor of f and t?
8
Let m be (-5 - 80) + (-1 - 1). Let j = m + 297. Calculate the highest common factor of j and 30.
30
Let r(b) = 5*b + 73. Let k be r(0). Let n = k - 57. What is the highest common factor of 24 and n?
8
Let m = 600 - 342. Suppose -m = -2*t - 3*d, 0 = -2*t + 2*d + 2*d + 258. Calculate the greatest common factor of 43 and t.
43
Let x(g) = -g**3 + 3*g**2 - g - 7. Let f be x(3). Let o be (-1 - 1)*35/f. What is the greatest common factor of o and 63?
7
Let y(g) = g**2 - 4*g - 7*g + 33 - 5 + 0*g. Let x be y(8). What is the greatest common divisor of 32 and x?
4
Suppose 0 = 4*s - 5*b + 31, 0 = s - 2*b - 2*b - 6. Let n be (5 + 65/15)*(-36)/s. Calculate the highest common divisor of n and 96.
24
Let s = 11 - 8. Suppose 2*c + 48 = 2*r, 0*r - 2*r - s*c = -68. Let x be 28/6 + 6/(-9). Calculate the highest common factor of x and r.
4
Suppose -3 - 11 = -2*f. Let g(n) = -3*n + 24. Let d be g(f). Calculate the greatest common divisor of d and 27.
3
Suppose s - 19 = -3*x, -8*s + 6*s = -3*x - 83. What is the highest common factor of 2482 and s?
34
Let z(r) = 234*r**2 + 24*r - 8. Let u be z(2). Calculate the highest common factor of u and 61.
61
Suppose 0 = -4*v - 3*t + 46, 16 = v + t + 2*t. Let l be 13/((-78)/(-84)) - 4. What is the highest common divisor of v and l?
10
Suppose 34*q - 9 = 31*q. Suppose 2*w = -5*a + 1, 17 = 5*w + a - q*a. Suppose -j - 3*j = -12. What is the greatest common factor of j and w?
3
Let m(w) = -w**3 - 3*w**2 - w - 9. Let o be m(-6). Let j = -85 + o. Calculate the highest common divisor of j and 140.
20
Let i = 1399 + -1384. What is the highest common divisor of 65 and i?
5
Let v be 1/((-1)/(-36)) - -10. What is the highest common factor of 391 and v?
23
Suppose -2*z + 0 = -6. Let f be z/6*(-22)/(-1). What is the highest common factor of 77 and f?
11
Suppose -b + 15 = -5. Suppose 0*l + 200 = -5*l. Let n be -6*(l/(-2))/(-4). Calculate the greatest common divisor of n and b.
10
Let y = 2306 + -1718. Calculate the greatest common divisor of 105 and y.
21
Suppose 9*z - 609 + 33 = 0. Calculate the greatest common factor of 512 and z.
64
Let p = -639 + 665. Calculate the highest common divisor of 871 and p.
13
Suppose 40 = 4*s + 4*h, -10*s + 5*s = -3*h - 50. Let g(c) = c**2 + c + 8. Let p be g(8). What is the greatest common divisor of p and s?
10
Let o be 5*(0 + (1 - 3))/(-2). Suppose o*g + 5*b + 0*b = 5, 4*g + b = 19. Calculate the greatest common factor of g and 6.
6
Suppose 4 + 11 = 3*w. Let c = 4 - 2. Let a be 10/8*(c + 2). What is the highest common factor of a and w?
5
Suppose -4*n = 3*h - 175, -24*h + 42 = n - 25*h. Calculate the highest common factor of n and 989.
43
Let a(j) = -j + 1. Let o be a(-23). Let d(u) = -u**3 + 10*u**2 - 12*u + 4. Let c be d(8). Calculate the greatest common divisor of o and c.
12
Let p(j) = -2*j**3 - 6*j**2 - 9. Let n be p(-4). Calculate the greatest common factor of 23 and n.
23
Suppose -5*l + 5*b = -209 - 51, 3*b = -l + 68. Suppose -9*z - 8 = -8*z. Let y be ((-28)/16)/(2/z). What is the highest common factor of l and y?
7
Let q = -252 - -292. What is the highest common factor of 5 and q?
5
Suppose -h = 2*r - 3*h - 16, -5*h = 15. Suppose 4*a + f = 99, -a = 3*f - 46 + 24. What is the highest common factor of a and r?
5
Let a(g) = -8*g + 72. Let u be a(7). What is the highest common divisor of 76 and u?
4
Suppose 90*l + 167 - 3407 = 0. What is the highest common factor of 9 and l?
9
Suppose 4*n + 0*x + x + 67 = 0, 0 = -4*n - 2*x - 70. Let u = n - -18. Calculate the highest common divisor of 4 and u.
2
Suppose -3*f + 398 + 110 = -2*h, 0 = 4*h + 8. Suppose -16*j + f = -10*j. Calculate the highest common divisor of 98 and j.
14
Suppose 0 = 2*p + 101 - 83. Let h be (-166)/(-18) - (-2)/p. What is the highest common factor of 1 and h?
1
Let h be (-3)/(-6)*(0 + 4). Suppose -h*d - 12 = -6*d. Suppose 3 = d*u - 18. What is the highest common divisor of 49 and u?
7
Let o(b) = b**2 - 10*b + 5. Let x = -57 - -67. Let k be o(x). What is the highest common factor of k and 55?
5
Suppose 980 = 4*c - 2*w, -w + 163 = 2*c - 335. Calculate the highest common divisor of c and 52.
13
Suppose -37*p - 15 = -459. Suppose 0*i - 12 = -4*i. Suppose i*u - 300 = -2*u. What is the highest common factor of u and p?
12
Suppose -3*v - 162 = 3*c, -5*c + 5*v = 3*v + 305. Let g = 117 + c. Suppose 5*u - g = -3. What is the highest common divisor of 121 and u?
11
Let f = 79 + -74. Suppose 136 = 2*x + 2*w, x - 3*x + 151 = f*w. What is the greatest common divisor of 42 and x?
21
Let m(a) = -4*a**3 - a + 2. Let t be m(1). Let p be (4/t)/((-721)/180 + 4). What is the greatest common factor of p and 48?
48
Let x(u) = -8*u - 3. Let k be x(-2). Let m(g) = -g**3 - 8*g**2 - 16*g + 13. Let s be m(-4). Calculate the highest common factor of k and s.
13
Suppose -20 = -21*z + 22. Let b(q) = -q + 4. Let u be b(0). Calculate the highest common factor of u and z.
2
Let p be 11 - (-4 - (-2)/(-1) - -3). Calculate the greatest common factor of p and 406.
14
Let r = 2281 - 1320. Calculate the highest common divisor of r and 31.
31
Let m be (-2 - -3)/(3*(-3)/(-585)). Let c be 3211/m + (3/5)/1. Calculate the highest common divisor of 100 and c.
50
Suppose -2*r + 49 = h, -3*r + 92 = r + 4*h. Let y be (r/8)/((-7)/28). Let l = y - -22. Calculate the highest common divisor of l and 36.
9
Suppose 53 = 3*y - 277. Suppose -4*x - 2*h + y = -0*h, 0 = -h + 1. Suppose -4*c = -269 - 379. Calculate the greatest common factor of c and x.
27
Let d(f) = -13*f**3 + 8*f + 12. Let c be d(-2). What is the greatest common factor of c and 4?
4
Let s be ((-10)/25)/(2/(-290)). Calculate the greatest common divisor of s and 522.
58
Let k(d) = -7*d 